{"id":156,"date":"2020-10-26T14:21:56","date_gmt":"2020-10-26T14:21:56","guid":{"rendered":"https:\/\/www.capoeira.lv\/?page_id=156"},"modified":"2021-05-24T12:28:08","modified_gmt":"2021-05-24T12:28:08","slug":"attalinatas-nodarbibas-2020-21","status":"publish","type":"page","link":"https:\/\/www.capoeira.lv\/?page_id=156","title":{"rendered":"Attalin\u0101t\u0101s nodarb\u012bbas 2020\/21"},"content":{"rendered":"","protected":true},"excerpt":{"rendered":"","protected":true},"author":1,"featured_media":0,"parent":0,"menu_order":0,"comment_status":"open","ping_status":"closed","template":"","meta":{"footnotes":""},"class_list":["post-156","page","type-page","status-publish","post-password-required","hentry"],"_links":{"self":[{"href":"https:\/\/www.capoeira.lv\/index.php?rest_route=\/wp\/v2\/pages\/156","targetHints":{"allow":["GET"]}}],"collection":[{"href":"https:\/\/www.capoeira.lv\/index.php?rest_route=\/wp\/v2\/pages"}],"about":[{"href":"https:\/\/www.capoeira.lv\/index.php?rest_route=\/wp\/v2\/types\/page"}],"author":[{"embeddable":true,"href":"https:\/\/www.capoeira.lv\/index.php?rest_route=\/wp\/v2\/users\/1"}],"replies":[{"embeddable":true,"href":"https:\/\/www.capoeira.lv\/index.php?rest_route=%2Fwp%2Fv2%2Fcomments&post=156"}],"version-history":[{"count":38,"href":"https:\/\/www.capoeira.lv\/index.php?rest_route=\/wp\/v2\/pages\/156\/revisions"}],"predecessor-version":[{"id":207,"href":"https:\/\/www.capoeira.lv\/index.php?rest_route=\/wp\/v2\/pages\/156\/revisions\/207"}],"wp:attachment":[{"href":"https:\/\/www.capoeira.lv\/index.php?rest_route=%2Fwp%2Fv2%2Fmedia&parent=156"}],"curies":[{"name":"wp","href":"https:\/\/api.w.org\/{rel}","templated":true}]}}